nits digit of n?
5
Suppose 4*h - 3*h + 137 = 5*x, 2*h = -x + 34. What is the tens digit of x?
2
Suppose g = -g - 3*t - 1, 5*g = -t + 30. Let z(h) = -h**2 + 6*h + 7. Let r be z(g). Suppose -2*b + r + 4 = 0. What is the units digit of b?
2
Let d = -3 + 1. Suppose -3*c + 4*c + 4*n - 4 = 0, n + 1 = 0. What is the units digit of d/(-4) - (-44)/c?
6
Let r be ((-2)/3)/(2/6). Let m = r + 6. What is the units digit of m?
4
Let i be 36/10 + 1/(10/4). Let d be (-2)/(-6) + 4/6. Suppose -d = i*v - 33. What is the units digit of v?
8
Suppose -5*x - 9 = -4*c - 4, 0 = -4*c - 3*x - 3. Suppose -g + 9 = -c*g. Suppose g = -0*f + f. What is the units digit of f?
9
Let l = 89 - 53. What is the tens digit of l?
3
Let v be (1 + -11)*(-80)/25. Suppose h - 3*h + v = 0. What is the units digit of h?
6
Suppose 2 = -3*h + 5. Let r = 2 - h. Let b = 0 + r. What is the units digit of b?
1
Let g = -43 - -31. Let u = -7 - g. Suppose u*c = -5 + 25. What is the units digit of c?
4
Suppose 5*f + 865 = 5*m, 4*m + 3*f = 4*f + 683. What is the tens digit of m?
7
Suppose -3*c = -7*c + 8. Let o be (-5 + c - -3)/2. Suppose o = -b - 4*b + 100. What is the tens digit of b?
2
Let q be (3/(-3))/(-1) + 2. Suppose 4*o = q*o + 6. What is the units digit of o?
6
Suppose 5*b = 2*s - 236, 2*s + 2*s - 446 = -3*b. What is the units digit of s?
3
Let p = -9 + 32. What is the units digit of p?
3
Let f be ((-2)/4)/(2/(-24)). Let d be (2/((-4)/(-18)))/1. Let b = d - f. What is the units digit of b?
3
Suppose 0 = 4*i + i - c - 378, -i = 3*c - 82. What is the tens digit of i?
7
Suppose -4*c = 5*y - 31 - 66, 0 = 2*y - 10. Suppose b - c = -2*b. What is the units digit of b?
6
Let c be 2 - 3/(9/(-6)). Suppose 0 = -c*n - 16 + 60. What is the units digit of n?
1
Suppose 16*v + 379 = 2427. What is the units digit of v?
8
What is the hundreds digit of (-2388)/(-20) - 2/5?
1
Let r = 11 + -6. Let j be (-2)/4 + 1/2. Suppose m - r*m + 8 = j. What is the units digit of m?
2
Suppose 0 = k + 2*p - 137, 4*k = 5*p - 202 + 711. What is the units digit of k?
1
Suppose 14 = -3*z + 281. What is the units digit of z?
9
Let w(z) = -z - 3. Let m be w(-5). Let p = -9 - -12. Suppose 5*o - m*d = 20 + 6, d - 20 = -p*o. What is the units digit of o?
6
What is the units digit of (-2)/8 + 114/8?
4
Let k = 349 - 56. What is the hundreds digit of k?
2
Suppose 2*b = 3*b + 1, -3*x - 5*b - 8 = 0. Let d = x + 2. Suppose -3*v + d = -38. What is the units digit of v?
3
Let g(t) = -t**2 - 5*t - 3. Let o be g(-5). What is the units digit of (2/(-4))/(o/78)?
3
Let s = 13 - -9. What is the units digit of s?
2
Let u be (3/6)/(2/100). Suppose -4*r + u = -15. What is the units digit of r?
0
Let m = 611 + -263. What is the units digit of m?
8
Let z be 4*(-2 - 15/(-6)). Let t(u) = -5*u**2 - 9*u**3 - 10*u + 9*u + 5*u**z. What is the units digit of t(-1)?
0
Let c = 0 - 1. Let x = 3 + c. Suppose 3*f - 30 = -x*f. What is the units digit of f?
6
Let y be ((-21)/(-2))/((-15)/(-40)). Suppose 4 = b, b - y = -2*j - 2*b. What is the units digit of j?
8
Suppose -v + 25 = 3*w, -7*w + 12 = -3*w. Suppose 3*l + 0*l - 2*i - 28 = 0, -v = -2*l + 4*i. What is the tens digit of l?
1
Let s(n) = -n**2 - 2*n. Let t be ((-2)/4)/((-1)/(-4)). Let v be s(t). Suppose v = -3*d + 4*p - 6 - 8, 2*p = -2*d + 14. What is the units digit of d?
2
Let q(c) = c**3 - 16*c**2 + 14*c + 5. Let d be q(15). What is the units digit of ((-36)/d)/((-6)/(-45))?
7
Suppose -2*b - d + 6*d + 6 = 0, -5*d = 0. Suppose 0 = -r - b*r + 36. What is the units digit of r?
9
Let h(f) = f - 3. Let g be h(-3). Let c be -1*(g/3 + 11). Let w = c - -23. What is the units digit of w?
4
Let t = -67 - -38. Suppose 0 = -3*m - 4*a + 116, -4*m + 2*a + 178 - 16 = 0. Let s = t + m. What is the tens digit of s?
1
Suppose -3*n + 2*u + 51 = 0, -u + 6 = n + 2*u. Suppose 4*a - 5*z = -n, -3*z = -5*z + 6. What is the units digit of (-1 - a)*(-15)/3?
5
What is the units digit of (64/(-6))/4*-30?
0
Suppose j = 4*r - 5, 5*j + 3*r - 5*r + 7 = 0. What is the units digit of -2 + j/(2/(-28))?
2
Let o(i) = -10*i**3 + 7*i**2 - 6*i + 6. Let z(s) = -s**2 - 3*s - 1 + s**3 + 4*s + 0*s**3. Let g(x) = o(x) + 6*z(x). What is the units digit of g(-1)?
5
Let a(u) = -2*u + 45. What is the units digit of a(0)?
5
Let i = -11 - -13. Suppose 3*d - 9 = 0, 5*p + i*d = -3*d + 55. What is the units digit of p?
8
Let d = 59 + -58. What is the units digit of d?
1
Let y(u) = -2*u + 7. Let j be y(6). Let r(b) = 2*b - 12. Let f be r(11). Let h = j + f. What is the units digit of h?
5
Let k(n) = 22*n**2 + n - 2. What is the units digit of k(-3)?
3
Suppose -2*j = -5 + 1. Suppose j*z + 4*i + 1 = 21, 2*i - 10 = -3*z. Suppose 5*q = 15 - z. What is the units digit of q?
3
Let s be -3*((-5)/(-3) - 1). Let b be s/(-5) + 2/(-5). Suppose 5*n - 5*u - 30 = b, 2*n = -0*u + u + 12. What is the units digit of n?
6
Let i(c) be the second derivative of c**4/12 - c**3/6 + 3*c**2 - 4*c. What is the units digit of i(3)?
2
Suppose -g - 24 = 3*g. Let o(r) = -r - 6. Let w be o(g). Let s(h) = -h + 1. What is the units digit of s(w)?
1
Let f = 214 + -78. Suppose h + h - f = -4*a, 0 = -5*a - 2*h + 172. What is the tens digit of a?
3
Suppose -6 = 2*d - 14, 3*w = 5*d - 5. Let l = -3 + w. What is the units digit of l?
2
Let v = -52 + 87. What is the units digit of v?
5
Let g(n) be the third derivative of n**4/24 + n**3/2 - 2*n**2. Let i be g(3). Let p = i + -4. What is the units digit of p?
2
Let k(q) = q**2 - 5*q - 2. Let h be k(6). Suppose -24 = -h*w + 2*w. What is the units digit of w?
2
Let s(x) be the third derivative of x**4/2 - 3*x**2. Let i be s(1). Suppose i = 3*b - 2*b. What is the units digit of b?
2
Let s = 24 + 23. Suppose 0 = -x + 7*r - 3*r + 29, 0 = -3*x + 4*r + s. What is the units digit of x?
9
Let h(w) be the third derivative of w**4/12 + 5*w**3/6 + 2*w**2. Let r be h(4). Suppose r = c + 5. What is the units digit of c?
8
Suppose 120 = 3*p - 8*p. Let c = -9 - p. What is the units digit of c?
5
Suppose 1 = 2*r + 3*t - 2, 4*r = -3*t + 21. Let c = r - 17. What is the units digit of -2 + (-3)/(6/c)?
2
Let i(t) = t + 14. Let l be i(-10). Let c(q) = -q**2 + 5*q + 2. What is the units digit of c(l)?
6
Suppose 7 = -2*g + 85. What is the units digit of g?
9
Let p(h) = h + 2. Let d(f) = -5*f. Let s be d(-1). Let x = s - 5. What is the units digit of p(x)?
2
Suppose 5*z + 11 = -19. Let w = z + 9. Suppose -w = 3*t, -2*q + 4*q = 2*t + 26. What is the units digit of q?
2
Suppose -4*w - 3*i - 50 = -8*w, 2*i = 4. Suppose 2*z - w = -0*z. Suppose 0*j = j - z. What is the units digit of j?
7
Let t = 7 + 2. Let z = 0 + t. What is the units digit of z?
9
Let q(u) = 5*u**2 - 7*u - 5. Let o(j) = j**2 - j - 1. Let f(n) = 4*o(n) - q(n). Let a(t) = -t + 7. Let c be a(5). What is the units digit of f(c)?
3
Let d = 23 + 147. What is the hundreds digit of d?
1
What is the tens digit of (-24)/(-36) - 262/(-3)?
8
Suppose 0 = 9*h - 10*h + 26. What is the tens digit of h?
2
Let z be (-4)/(-10) + 38/5. Let q(h) = h**3 - 7*h**2 - 7*h + 9. What is the units digit of q(z)?
7
Let w = -9 + 9. Let q(h) = w*h**2 + h**2 - 3 + 0*h**2. What is the units digit of q(-4)?
3
Let o(a) = -2*a**3 + 2*a + 1. Let d = -6 + 5. What is the units digit of o(d)?
1
Suppose 25 = 5*a, 0 = -3*s - 5*a + 52 + 183. Suppose 3*r = 38 + s. What is the tens digit of r?
3
Suppose 5*n - 6*n = -14. What is the units digit of 3/(12/n)*2?
7
Let u(b) = -5*b - 1. What is the tens digit of u(-5)?
2
Suppose -b = 0, d = -d + b + 38. Suppose 4*p + 56 = 2*v + 2*v, -p = 2*v - d. What is the units digit of v?
1
What is the units digit of -4*(-3)/6 - (2 - 38)?
8
Let j = 619 + -360. What is the units digit of j?
9
Suppose -5*a - 5*y = -y + 30, a - 3*y + 6 = 0. Let x(w) = -w**3 - 6*w**2 - w + 8. What is the units digit of x(a)?
4
Suppose -6*a + 135 = -123. What is the units digit of a?
3
Suppose 7*r = 4*r + 126. What is the units digit of r?
2
Let h be -1 + 3 - (12 + -1). What is the units digit of h/(-6)*16/6?
4
Suppose -3 = -3*l - 0*l. Suppose l + 24 = 5*s. Let p = s - -1. What is the units digit of p?
6
Let o(u) = u**2 + 5*u - 33. What is the hundreds digit of o(11)?
1
Let o be 4 + -3 + -1*2. What is the units digit of (1/2)/(o/(-4))?
2
Suppose 4 - 148 = -4*m. Suppose -4*l = -4*r - m, 2*r + 30 = -2*l + 5*l. What is the tens digit of l?
1
Let n(h) 